207. What is the highest common divisor of r and 392?
56
Let u = 2985 + -741. Calculate the highest common divisor of u and 136.
68
Let u be (21 - (-2758)/(-210))*15. What is the highest common divisor of 472 and u?
118
Let s = -505 + 221. Let k = -264 - s. Calculate the greatest common divisor of 130 and k.
10
Let n be 0 - ((-12)/2 - -2). Suppose n*h = 2*k - 112, -2*k - 17 = -5*h - 125. Let w be 6/(-4)*k/(-3). What is the greatest common divisor of w and 48?
16
Let t be (223 - -7)/1*(-1 - 1). Let g = -307 - t. Suppose 53 = -5*k + g. What is the highest common factor of k and 4?
4
Let z(w) = 24*w**2 + 2*w + 1. Let t be z(-1). Let d = -1350 - -1465. Calculate the highest common factor of d and t.
23
Suppose 0 = 2*k + 3*c - 96, 155 = 2*k - 2*c + 39. Calculate the highest common divisor of 828 and k.
18
Let v(k) = -71*k - 3. Let n be v(-5). Let z(j) = -13*j - 60. Suppose -1553*g = -1547*g + 48. Let y be z(g). What is the highest common divisor of n and y?
44
Let g be 3260/28 - 8/(-14). Suppose -55*d = -52*d - g. Calculate the greatest common divisor of d and 247.
13
Let u(c) be the first derivative of -7*c**2/2 - 42*c + 29. Let v be u(-6). Suppose 5*g + v*g = 240. Calculate the highest common factor of 16 and g.
16
Let x(b) = b**3 + 11*b**2 + 17*b + 13. Let d(p) = -12*p**2 + 5*p - 2. Let v be d(1). Let q be x(v). Calculate the highest common divisor of 77 and q.
11
Let l = 180 - 225. Let d be (24/(-60))/(6/l) - -32. Let z be 35*(-2)/(-1 - 1). Calculate the greatest common factor of z and d.
35
Suppose -22*i + 476 = -15*i. Let c = i + -54. Suppose -4*o = 5*s - 36, 2*s = -o + c + 1. What is the highest common factor of s and 4?
4
Let k = -6 - -25. Let l(s) = -2441*s + 124567. Let w be l(51). Calculate the greatest common divisor of w and k.
19
Let k be 156/18 - 6/9. Suppose -1606 = -k*p + 2714. Let q be (8/(-10))/((-9)/p). Calculate the highest common divisor of 3 and q.
3
Let c = 464 + -440. Suppose -3*i - 6*i = -288. Calculate the highest common factor of i and c.
8
Let k = 35 - 37. Let c be (2/4)/(3*k/(-432)). Let n be (c/(-5))/(22/(-55)). Calculate the greatest common factor of n and 9.
9
Let f = -822 + 827. Suppose -9220 = -f*d - 900. Calculate the greatest common factor of 26 and d.
26
Suppose -5 = -174*i + 175*i. Let z be i - (1 + -3) - (-77 - 3). Calculate the greatest common factor of z and 11.
11
Let c(i) = 494*i**2 - 416*i - 2524. Let s be c(-6). What is the highest common divisor of s and 23?
23
Let m = 138 + 49. What is the highest common divisor of m and 323?
17
Let u(l) = l**3 - 25*l**2 - 26*l + 40. Let m be u(26). Let f be (-12)/2 - (-43 + 21). Calculate the greatest common factor of m and f.
8
Let x(z) = -z**3 + 9*z**2 + 3*z - 86. Let w be x(7). Let p be 3 + -1 + (29 - -2). Suppose h = -2*h + p. What is the highest common factor of w and h?
11
Suppose 0 = 5*q - 2*s - 7364, -2*q = 42*s - 44*s - 2942. What is the highest common factor of 1675 and q?
67
Let d = 359 - 339. What is the greatest common factor of d and 500?
20
Let t(h) = -11*h + 115. Let m be t(10). Calculate the greatest common factor of m and 142.
1
Let n(s) = -113*s + 9. Let q be n(-3). Suppose 3*f = f - t + 178, 4*f = 2*t + q. Let w = f + -79. Calculate the greatest common divisor of 99 and w.
9
Let u be 88 + 0 + (-16)/(-6)*3/4. What is the highest common divisor of 7200 and u?
90
Let i(t) = -4*t + 2 - 2 + 15 - 1. Let y be i(-1). What is the highest common divisor of 72 and y?
18
Let j = 84 - -33. Suppose j = -3*r + 4*r. What is the highest common factor of 13 and r?
13
Suppose -3*h = 2*i - 113, -120*i + 118*i + 5*h = -153. What is the greatest common factor of 14912 and i?
64
Let o = -904 - -916. Let c be (-65 + 1)/(1/(-2)). Let m = 64 + c. What is the greatest common factor of o and m?
12
Suppose 28656 = 47690*a - 47682*a. Calculate the highest common divisor of a and 54.
18
Suppose 1103 = 9*f - 361 - 1893. Calculate the highest common factor of f and 11.
1
Let d = -29209 - -29725. Calculate the highest common factor of d and 16.
4
Let y be 2/6 + 160/24. Let k be 1*77/(-44)*-4. Calculate the greatest common factor of y and k.
7
Suppose 0 = 7*f - 59 - 830. Let k = f - 96. Let z = 41 - -238. Calculate the greatest common factor of z and k.
31
Let d be (-48)/27 + 2 - (-16902)/486. Calculate the greatest common factor of 130 and d.
5
Let w(m) = m**3 - 2*m**2 + 20*m - 77. Let c be w(4). What is the greatest common factor of 20965 and c?
35
Let a(m) = -3*m - 16*m + 55 + 27*m - 3*m. Let j be a(9). Let x = 56 + -36. What is the highest common factor of j and x?
20
Suppose 3*c + 4 = -f, 4*f + 4*c + 2 = -c. Suppose 2*j + f = 0, 4*j + 551 = 5*v - 93. Calculate the greatest common divisor of 32 and v.
32
Suppose -55*x = -53*x + 3*t - 384, -3*t - 576 = -3*x. What is the highest common divisor of 1344 and x?
192
Let j = 67191 + -39497. What is the highest common divisor of j and 122?
122
Suppose 4*n + 279 = -5*r, -2*r + 5*n - 56 - 49 = 0. Let l be ((-296)/5)/(11/r). Suppose 12*f - l = 4*f. What is the greatest common factor of 185 and f?
37
Let x(c) = 81*c**2 - 364*c - 25. Let z be x(5). What is the highest common divisor of 297 and z?
9
Suppose 7*m = 27*m - 40. Let b be -15 + 221 - (3*m)/(-2). What is the greatest common divisor of 19 and b?
19
Let x = 3949 - 2701. Calculate the highest common factor of x and 2.
2
Let n(b) = 2*b**3 + 77*b**2 + 36*b - 68. Let o be n(-38). Let x be (2/4*o)/((-12)/(-57)). What is the greatest common factor of 551 and x?
19
Let g = -270 - -337. Let l = 168 + g. What is the highest common factor of l and 141?
47
Let s be 2/(-6) - (1034/(-33) + 6). Let k(h) = -h**3 + 12*h**2 + 31*h - 9. Let g be k(13). What is the greatest common divisor of s and g?
25
Suppose -173*i + 20 = -153. What is the highest common divisor of i and 809?
1
Let l be (-70)/((-7)/(35/10)). Suppose 4*s - 3*v + 27 = 0, -4*s + 2*v + 2*v = 32. Let r be (0 + -14*s/6)*1. Calculate the highest common divisor of r and l.
7
Suppose -3*k + 5 = -10, -4*s = -4*k - 28. Let v be (5/((-15)/108))/((-18)/s). Calculate the greatest common divisor of v and 276.
12
Let m be (-420)/(-100) + 3/(-15). Let h be ((-399)/(-42))/(2/m). What is the highest common divisor of h and 589?
19
Let s be (1 - (-1 - 4))/(-2) + -537. Let q = 705 + s. Calculate the highest common factor of q and 11.
11
Suppose 267*d - 180 = 265*d. Let x be d/21 + 2/28*-4. What is the greatest common divisor of 16 and x?
4
Suppose q - 34*t - 92 = -32*t, 3*t = -4*q + 346. Calculate the greatest common factor of q and 62.
2
Suppose -3*n + n + 162 = 0. Let p(l) = -34*l + 193. Let m be p(6). Let w be m/(165/(-126)) - (-45)/75. What is the greatest common factor of n and w?
9
Suppose 51 - 7 = 4*q. Suppose 0 = -q*s - 2*s + 936. Calculate the highest common divisor of s and 18.
18
Let b = -1571 - -1577. Let y(d) = d**2 + 2*d - 8. Let p be y(-7). Calculate the greatest common divisor of b and p.
3
Suppose 29 = 5*u - 4*z - 42, -5*z + 35 = 5*u. Let s(q) = 3*q**2 - 28*q - 46. Let l be s(u). What is the highest common factor of 9 and l?
9
Let q(g) = -g**2 + 22*g - 37. Let h be q(11). Suppose 3*l = 6*l - h. What is the greatest common factor of 28 and l?
28
Suppose 0*b + 2*q + 259 = 5*b, -2*b = 2*q - 98. Let f = 55 - b. Suppose -5*o + 14 = f*a, 2*o + 3*a = o - 6. What is the highest common factor of o and 12?
6
Let j = -68 + 188. Suppose f - 8 = 5*t, -3*t = 3*f - f - 3. Let u be 1128/72 - 1/(f/2). Calculate the highest common factor of j and u.
15
Suppose 3*z - u + 2882 - 680 = 0, -5*z = -2*u + 3669. Let j = -465 - z. What is the greatest common divisor of 40 and j?
10
Suppose 4*m + 12 - 92 = 0. Let n = 23 - m. Suppose -3*r - 234 = -5*s, n*s - 3*r = 54 + 84. What is the highest common divisor of 12 and s?
12
Let s be (-1)/((8 + -10)/20). What is the highest common divisor of s and 5710?
10
Suppose -300*j - 60*j = 2525526 - 7034526. What is the highest common factor of 75 and j?
75
Let l be (124 + 380)*(26/6 + -4). Calculate the highest common factor of 600 and l.
24
Suppose -o + 8 = 3*z, 4*o + 11*z - 8*z - 23 = 0. Let q be (0 + -12)*(6 - 7). Let n = o + q. Calculate the highest common divisor of n and 17.
17
Suppose -3*r = -s + 4929, 81*s - 84*s + 14811 = 3*r. What is the greatest common factor of 235 and s?
235
Suppose -409*i - 180 = -410*i + 